 = -a**2 - 91*a - 1069. Determine r(-14).
9
Let q(j) = -2*j**3 + 34*j**2 - 138*j - 12. Calculate q(10).
8
Let w(x) = -x**2 - 191*x + 2652. What is w(13)?
0
Let o(y) = -322*y**3 + 2*y**2 + 2*y - 1. What is o(-1)?
321
Let z(q) = -q**3 + 30*q**2 - 54*q - 61. What is z(28)?
-5
Let i(q) = 43*q + 3870. Give i(-90).
0
Let r(o) = 343*o + 71693. What is r(-209)?
6
Let v(y) = 17*y - 50. Give v(2).
-16
Let f(c) = -c**3 + 10*c**2 + 40*c - 24. Determine f(12).
168
Let o(k) = 2*k**2 + 34*k - 78. Give o(-19).
-2
Let s(q) = 363*q + 15245. What is s(-42)?
-1
Let y(x) = 367*x + 5873. Give y(-16).
1
Let w(v) = -2*v**2 - 260*v - 2825. Calculate w(-118).
7
Let t(u) = -u**2 - 43*u - 351. Calculate t(-9).
-45
Let g(o) = 2*o**2 - 14*o + 35. Determine g(8).
51
Let s(j) = -2*j**2 + 94*j - 167. Determine s(45).
13
Let p(d) = 382*d + 57268. Determine p(-150).
-32
Let a(w) = -2706*w + 18935. Calculate a(7).
-7
Let u(h) = h**2 + 26*h - 87. Give u(3).
0
Let z(s) = s**3 - 64*s**2 - 498*s + 44. Determine z(71).
-27
Let w(o) = 9*o**2 + 116*o + 619. Calculate w(-5).
264
Let m(d) = -d**3 + 13*d**2 - 30*d + 59. What is m(10)?
59
Let n(o) = 3*o**2 + 52*o + 282. Give n(-6).
78
Let l(y) = -67*y - 1276. What is l(-19)?
-3
Let c(j) = -j**3 + 103*j**2 + 114*j - 1029. Give c(104).
11
Let p(v) = 2*v**2 + 2*v - 24. What is p(10)?
196
Let r(w) = w**2 + 6*w - 2. Calculate r(-14).
110
Let o(d) = -163*d - 117. Calculate o(-8).
1187
Let w(f) = 3*f**3 + 7*f**2 - 5*f - 14. What is w(-3)?
-17
Let y(d) = d**3 + 2*d**2 - 31*d - 57. Calculate y(-2).
5
Let g(l) = l**2 - 1578*l - 6316. What is g(-4)?
12
Let l(q) = q**2 + 34*q - 52. Give l(-27).
-241
Let i(g) = -g**3 + 40*g**2 + 36*g - 83. Calculate i(41).
-288
Let k(v) = -8*v + 19. Give k(-2).
35
Let s(d) = -7*d**3 + 2*d**2 + 13*d - 33. Determine s(3).
-165
Let b(y) = y**2 + 42*y + 14. Calculate b(-41).
-27
Let p(k) = k**3 + 96*k**2 + 368*k - 124. Give p(-92).
-124
Let v(a) = -a - 6. What is v(17)?
-23
Let j(v) = 70*v + 920. Calculate j(-11).
150
Let g(c) = -c**3 + 12*c**2 - 16*c - 21. Give g(6).
99
Let b(c) = -8*c**2 - 43*c - 33. Give b(-5).
-18
Let w(s) = 2*s**3 - 28*s**2 + 12*s + 54. Determine w(13).
-128
Let c(l) = -2*l**2 + l + 96. Calculate c(11).
-135
Let t(j) = 3*j**2 + 16*j - 9. What is t(4)?
103
Let v(p) = -p**3 - 8*p**2 + 58*p + 426. What is v(-9)?
-15
Let i(o) = -54*o**2 - 104*o + 24. Calculate i(-2).
16
Let h(g) = g**3 - 20*g**2 + 37*g - 145. Calculate h(17).
-383
Let z(x) = 16*x - 64. Determine z(-5).
-144
Let v(p) = -p**2 - p - 36. What is v(-6)?
-66
Let a(g) = -g**3 - 3*g**2 + 12*g - 37. What is a(0)?
-37
Let y(w) = -w**3 + 2*w**2 + 31*w - 103. Give y(3).
-19
Let g(a) = 2*a**2 - 9*a - 14. Calculate g(-4).
54
Let a(m) = m**3 - 174*m**2 + 194*m - 3634. Determine a(173).
-1
Let o(i) = -235*i - 467. What is o(-2)?
3
Let g(n) = 4*n**2 - 46*n - 152. Determine g(16).
136
Let w(l) = -l**2 - 11*l + 125. Determine w(10).
-85
Let s(z) = -859*z + 2655. Determine s(3).
78
Let g(r) = r**2 + 18*r - 361. What is g(11)?
-42
Let i(x) = x**2 + x - 91. Give i(-11).
19
Let m(q) = 2*q**2 - 48*q - 164. Determine m(27).
-2
Let j(p) = -3166*p - 28504. Calculate j(-9).
-10
Let k(h) = -3*h**2 + 7305*h - 21881. Give k(3).
7
Let b(p) = 151*p - 321. Determine b(2).
-19
Let c(f) = 181*f + 6879. Give c(-38).
1
Let n(o) = -o**2 - 639*o + 44996. Give n(64).
4
Let a(p) = p**3 - 6*p**2 + 4*p + 15. Determine a(4).
-1
Let q(x) = -21*x - 57. Calculate q(-2).
-15
Let u(i) = 18*i + 1747. What is u(-93)?
73
Let f(v) = -1020*v**2 - 58*v - 59. Determine f(-1).
-1021
Let r(j) = 137*j + 11009. What is r(-80)?
49
Let s(t) = 2*t**2 - 72*t - 830. What is s(45)?
-20
Let l(a) = -a**3 - 7*a**2 - 9*a - 12. What is l(-3)?
-21
Let o(z) = -z**3 - 17*z**2 - 38*z - 6. Give o(-15).
114
Let l(k) = 365*k**2 - 16*k + 17. What is l(1)?
366
Let v(x) = -354*x + 43544. What is v(123)?
2
Let h(j) = -2*j**2 - 104*j - 771. Calculate h(-9).
3
Let u(l) = l**2 + 17*l + 52. What is u(-7)?
-18
Let a(t) = 7*t**2 - 32*t + 28. Determine a(2).
-8
Let g(v) = 2*v + 93. Give g(46).
185
Let d(t) = -3*t**2 - 9*t - 11. What is d(-9)?
-173
Let g(f) = f**3 + f**2 - 59*f + 9. What is g(7)?
-12
Let k(f) = 20*f + 653. Calculate k(-46).
-267
Let l(a) = 2*a**3 - 20*a**2 - 4*a - 3. Give l(6).
-315
Let k(s) = 9*s**3 + 7*s**2 - 2*s. What is k(-2)?
-40
Let a(h) = h**3 + 42*h**2 - 65*h - 925. What is a(-43)?
21
Let o(s) = -s**2 - 80*s + 1283. Calculate o(-94).
-33
Let g(f) = -61*f**2 + 558*f - 92. What is g(9)?
-11
Let x(n) = -140*n**3 - 1. Calculate x(-1).
139
Let j(m) = -468*m + 4267. Give j(9).
55
Let f(q) = 99*q + 828. Calculate f(-8).
36
Let r(q) = -q**3 - 13*q**2 - 76*q - 239. What is r(-7)?
-1
Let t(u) = -5*u**2 + 34*u - 73. Give t(2).
-25
Let a(t) = -218*t - 2609. Determine a(-12).
7
Let h(v) = -v**3 - 3*v**2 + 14*v + 53. Calculate h(-3).
11
Let j(l) = -2*l**3 - 84*l**2 + 803*l + 89. What is j(-50)?
-61
Let s(o) = -2*o**2 - 69*o - 94. Calculate s(-33).
5
Let a(h) = 48*h**2 - 844*h - 365. Calculate a(18).
-5
Let r(i) = -i**2 - 61*i - 144. Give r(-3).
30
Let f(w) = 22*w - 1169. Calculate f(53).
-3
Let h(w) = -222*w + 5251. Determine h(24).
-77
Let g(d) = -d**3 + 53*d**2 - 59. What is g(53)?
-59
Let w(f) = -f**2 - 86*f + 444. What is w(-91)?
-11
Let c(j) = -49*j**3 + 1664*j**2 + 69*j - 70. What is c(34)?
-36
Let r(l) = l**2 - 102*l + 762. Determine r(10).
-158
Let t(g) = -241*g + 3371. Give t(14).
-3
Let k(z) = z**2 - 21*z - 22. What is k(21)?
-22
Let c(l) = l**3 - 3*l**2 - 82*l + 468. What is c(7)?
90
Let h(i) = -4141*i**2 - 20708*i - 2. Give h(-5).
13
Let b(p) = -15*p**2 - 278*p - 559. Determine b(-2).
-63
Let t(n) = 2*n**3 + 27*n**2 + 9*n + 26. Calculate t(-14).
-296
Let z(o) = 2*o**2 - 35*o + 146. Determine z(14).
48
Let s(n) = 137*n + 497. Give s(-4).
-51
Let w(n) = 9*n - 168. Give w(-9).
-249
Let x(i) = i**3 + 12*i**2 - 32*i + 12. Determine x(-15).
-183
Let g(n) = -9*n**2 + 324*n + 325. Calculate g(-1).
-8
Let p(q) = -762*q + 2291. What is p(3)?
5
Let y(h) = 35*h + 51. Give y(3).
156
Let i(q) = q**2 + 147*q + 575. Calculate i(-4).
3
Let b(l) = 6*l**2 - 30*l - 182. Determine b(-6).
214
Let h(c) = -c**3 + 4*c**2 - 54*c + 238. What is h(5)?
-57
Let n(x) = 321*x - 4477. Give n(15).
338
Let i(g) = 222*g - 58. Give i(2).
386
Let d(z) = -95*z**2 - 1329*z + 16. Calculate d(-14).
2
Let r(o) = -40*o**2 + 29*o - 7. Determine r(2).
-109
Let a(y) = 7*y - 66. Determine a(-6).
-108
Let m(o) = o**3 + o**2 - 3782*o + 4. Determine m(61).
4
Let t(x) = -2*x**2 + 27*x + 113. What is t(17)?
-6
Let j(b) = -13*b + 227. Calculate j(23).
-72
Let d(l) = -23*l + 1108. Calculate d(49).
-19
Let b(x) = -76*x - 156. Calculate b(-2).
-4
Let t(p) = p**3 - 6*p**2 - 35*p + 277. Determine t(6).
67
Let a(v) = -3*v**3 - v**2 - 21*v - 679. Determine a(0).
-679
Let o(t) = 3*t**3 - 24*t**2 + 31*t - 36. Give o(7).
34
Let l(q) = -6268*q + 156698. Give l(25).
-2
Let c(s) = -3334*s - 3347. Determine c(-1).
-13
Let y(b) = 2*b**3 + 90*b**2 - 8*b - 342. Calculate y(-45).
18
Let c(k) = 3*k**3 - 424*k**2 + 145*k - 568. Determine c(141).
-4
Let v(y) = -y**3 + 14*y**2 + 7*y + 1. What is v(14)?
99
Let g(i) = -i**2 + 26*i - 38. What is g(18)?
106
Let c(u) = -3*u**3 + 254*u**2 + 81*u + 190. Determine c(85).
-150
Let n(g) = -70*g + 2812. Determine n(40).
12
Let l(t) = -t**2 - 66*t + 2171. Calculate l(-90).
11
Let a(k) = -k**3 - 69*k**2 + 3*k + 153. Give a(-69).
-54
Let u(k) = 189*k + 775. What is u(-4)?
19
Let g(u) = -u**2 - 211*u - 6173. What is g(-176)?
-13
Let s(d) = -d**3 - 10*d**2 + 8*d + 25. Give s(-10).
-55
Let d(x) = -30*x + 772. Calculate d(25).
22
Let s(b) = -3328*b - 26633. Determine s(-8).
-9
Let a(t) = -t**3 - 30*t**2 - 66*t - 371. Calculate a(-28).
-91
Let x(p) = -2386*p + 11919. What is x(5)?
-11
Let f(p) = 15*p**3 - 5*p**2 + 10*p - 14. Determine f(-3).
-494
Let d(b) = -b**2 - 82*b - 1637. What is d(-48)?
-5
Let r(z) = -z**3 + 3*z**2 + 5*z + 27. What is r(6)?
-51
Let i(w) = -4*w - 204. Calculate i(44).
-380
Let h(c) = 2*c**3 + 19*c**2 + 15*c + 53. What is h(-13)?
-1325
Let u(o) = 1412*o - 9883. Calculate u(7).
1
Let t(k) = 55*k + 1389. Give t(-25).
14
Let k(f) = 2*f**2 - 392*f - 23415. What is k(244)?
9
Let m(k) = k**3 + 79*k**2 + 384*k + 1024. What is m(-74)?
-12
Let c(o) = o**3 - 59*o**2 - 126*o + 233. What is c(61)?
-11
Let c(h) = -h**3 - 7*h**2 + 38*h